 divided by 7?
6
Let a = -77 - -44. Let w = a + 67. Suppose 2*r - 17 = 19. What is the remainder when w is divided by r?
16
Suppose -2*w = 4*v - 204, -4*v = -3*v - 2*w - 46. Let l = v + -19. Calculate the remainder when l is divided by 4/8*(-26 + 48).
9
Let p be (-266)/(-6) + 2/(-6). Suppose 2 = -3*s + p. Let k = -11 - -15. What is the remainder when s is divided by k?
2
Suppose 5*b = 2*g + 156, 4*g = 2*b - 86 + 14. Suppose 5*s + w = -4*w + 60, 12 = 2*s - w. Calculate the remainder when b is divided by s.
6
Let n(r) = r**2 + 12*r + 8. Let j be n(-9). Let i = j + 48. Calculate the remainder when 114 is divided by i.
27
Calculate the remainder when 78 is divided by (-4)/(-8)*-2*(-88)/4.
12
Let u be 348 + ((-45)/5)/3. Suppose 12*a - 7*a - u = 0. What is the remainder when a is divided by 35?
34
Let f be (0 + (-12)/15)*(-60)/(-8). Calculate the remainder when -3*(-122)/9 - (-4)/f is divided by 21.
19
Suppose -116 = -3*i - v, 3*i + 2*v = 20 + 92. Calculate the remainder when i is divided by 11.
7
Calculate the remainder when ((-114)/5)/((-11)/55) is divided by 44.
26
Let o(g) = g + 62. Calculate the remainder when o(-22) is divided by 11.
7
Let x = 64321 + -64299. Suppose 2*r = 7*r - 175. Suppose 6*j - j - r = 0. Calculate the remainder when x is divided by j.
1
Suppose -108*y + 103*y = -180. What is the remainder when y is divided by 11?
3
Suppose -11*a - 2333 = -3928. Calculate the remainder when a is divided by 17.
9
Suppose 101 = 5*a - 229. Suppose -8*f = -97 - 39. What is the remainder when a is divided by f?
15
Calculate the remainder when 27 is divided by (-270)/81*9/(-6).
2
Let p(o) = -o**3 - 9*o**2 + 2. Let b be p(-9). Suppose -6 = -b*k - 0. Let q(g) = 2*g**3 + 3*g - 1. What is the remainder when q(k) is divided by 16?
14
Suppose -5*v + 4 = -4*v. Suppose 2*j - 100 = -3*o, 5*o + j = 144 + 11. Suppose -19 = -3*w - 7, 0 = b + 3*w - o. Calculate the remainder when b is divided by v.
2
Let t(l) = l**2 + 9*l - 4. Let h be t(-9). Let x(s) = s**3 - 6*s**2 - 2*s - 10. Calculate the remainder when 4 + h - -1*48 is divided by x(7).
23
Suppose -8 = -3*y + 4. Let l be 0 + (38 - (4 - y)). Let j = l - 23. Calculate the remainder when j is divided by 6.
3
Let y(h) = -2*h**3 - 4*h**2 - 26*h - 97. What is the remainder when y(-7) is divided by 34?
31
Suppose -15*f - 18124 = -61*f. What is the remainder when f is divided by 12?
10
What is the remainder when 86 is divided by 75 - (50/60)/((-4)/(-24))?
16
Let w(v) = -v**3 - 11*v**2 - 12*v + 6. Let s be w(-9). Let h = s - -85. Calculate the remainder when h is divided by (-91)/273 - (-1)/(-3)*-58.
18
Let l = -81 - -140. Calculate the remainder when 176 is divided by l.
58
Let b(s) = s**2 + 4*s - 16. Suppose -t - 2*t - 36 = 3*z, -5*z + 10 = -5*t. Calculate the remainder when 12 is divided by b(t).
2
What is the remainder when (-1716)/(-45) - (0 - (-20)/150) is divided by 10?
8
Suppose 51*m - 52*m = -12. Suppose -2*k + 3*t = -12, 6 = -0*t - 3*t. What is the remainder when m is divided by k?
0
Let d(g) = g**2 + 6*g + 6. Let c be d(-4). What is the remainder when 63 is divided by 0 + 6/c + 35?
31
Suppose 5*c + 570 = 2*w + 192, 0 = w - 4*c - 183. Calculate the remainder when w is divided by 53.
40
Suppose 51 + 131 = 4*w + 2*q, -w + 5*q + 51 = 0. What is the remainder when w is divided by ((-66)/55 + 4)/((-6)/(-15))?
4
Suppose i = 6*i - 2*d - 12, 4*d + 4 = 5*i. Let g(o) = o**2 - 2*o + 4. Let l(p) = p**2 - 3*p - 7. What is the remainder when l(7) is divided by g(i)?
9
Let j = 1497 + -84. Calculate the remainder when j is divided by 118.
115
Let v = -104 - -135. Calculate the remainder when 246 is divided by v.
29
Suppose 17*a - 8*a - 621 = 0. Let m = a - -27. Calculate the remainder when m is divided by 14.
12
Suppose 0*h + 11*h - 2475 = 0. Calculate the remainder when h is divided by 51.
21
What is the remainder when (64 - (5 - 1)) + 1 is divided by 17?
10
Let a(z) = -5*z + 226. Calculate the remainder when a(35) is divided by -2 + (21 - 2 - -1).
15
Suppose -4*x + 0*x + 526 = 3*y, -886 = -5*y - 2*x. What is the remainder when y is divided by 57?
7
Suppose -5*s - 4*i + 1729 = 0, -64*i + 65*i = -s + 345. Calculate the remainder when s is divided by 119.
111
Suppose 2*i - 3 - 17 = 0. Suppose -2*y - i + 72 = 2*v, y + 37 = v. Calculate the remainder when 99 is divided by v.
31
Let z = 1 + 1. Suppose 0 = -2*t, 0*i - i + z*t + 9 = 0. What is the remainder when (-69)/(-2) - i/6 is divided by 12?
9
Let d(y) = 5*y + 161. What is the remainder when d(32) is divided by 36?
33
Let s be (6 - 5)/((-2)/(-282)). Suppose 4*h + 9*v = 4*v + s, 3*v + 9 = 0. Calculate the remainder when h is divided by (40/3)/((-20)/(-30)).
19
Suppose -2*u + 36 = 3*i, -5*i + i + 4*u + 28 = 0. What is the remainder when 29 - (4 - 4 - -4) is divided by i?
5
Suppose 0 = 3*j + 4*h - 1463, -4*h - 280 = -3*j + 1215. What is the remainder when j is divided by 55?
53
Suppose -344*l = -343*l - 11. Let w be (-2)/6*(-58 - -1). Let j = w - 12. Calculate the remainder when l is divided by j.
4
Let t = 551 - 481. Suppose 5*n - 62 = -17. What is the remainder when t is divided by n?
7
Calculate the remainder when 228 is divided by 50/(-10) + 1 - (-1 - 26).
21
Suppose -6*y = -9*y + 21. What is the remainder when (1 + y)*5*1/2 is divided by 7?
6
Let y be 15 + -4 + 8/2. Suppose -y - 3 = -3*x. Calculate the remainder when 21 is divided by x.
3
Suppose 0 = v + 12*b - 11*b - 21, b + 64 = 4*v. Calculate the remainder when 130 is divided by v.
11
Suppose 0 = -3*b - 5*u + 570, -12*u = -16*u. What is the remainder when b is divided by 49?
43
Suppose -2*f = -2*d - 64, -2*d + 41 = 2*f - f. Calculate the remainder when f is divided by (-38)/10*(-10)/2.
16
Let p(f) = f**2 - 6*f - 149. What is the remainder when p(19) is divided by 21?
14
Let h = 23 + 118. Let o = -32 + h. Calculate the remainder when o is divided by 14.
11
Let y = 62 + -1. What is the remainder when y is divided by 36?
25
Let o = -3 + 82. What is the remainder when 31 is divided by o/7 + 6/(-21)?
9
Let t(m) = m - 5. Suppose k = -1 + 6. Let x be t(k). Suppose x = -h + l + 37, 5*h + 0*h = -l + 185. What is the remainder when h is divided by 13?
11
Let s = -285 - -308. What is the remainder when 69 is divided by s?
0
Let p(n) = 5*n**3 - 10*n**2 - 35*n + 116. Calculate the remainder when p(5) is divided by 90.
46
Let m(f) = f**2 - 23*f + 199. Suppose 0 = -2*z + 6, i - 2*i = 4*z - 37. What is the remainder when m(14) is divided by i?
23
Let t = -208 - -227. Suppose -15 = -4*j + 125. Calculate the remainder when j is divided by t.
16
Suppose -l = -k + 10, -7*k - 2*l - 59 = -12*k. Suppose 3*p + 1 = -4*h + 2, 17 = -2*h - 5*p. What is the remainder when k is divided by h?
1
Suppose 0 = 9*d - 53 - 28. What is the remainder when 22 is divided by d?
4
Suppose -5*u - g - 442 = 0, 2*u - 4*g = -8 - 160. Let a = u + 127. What is the remainder when a is divided by 10?
9
Suppose -3*k + 4 = t, 0*k - 5 = -t - 4*k. Calculate the remainder when t is divided by 1.
0
Let f = 2 + 12. Let v = -56 - -111. Calculate the remainder when v is divided by f.
13
Suppose 0*o - 38 = -o. Let w(j) be the second derivative of j**3/3 + 2*j**2 - j. Calculate the remainder when o is divided by w(3).
8
Suppose -t = 5*b - 34, 239 = 5*t - 0*t + 2*b. Calculate the remainder when t is divided by 15.
4
Let a(m) = -19*m + 37. Let h(i) = -124*i + 240. Let p(j) = 32*a(j) - 5*h(j). Calculate the remainder when p(5) is divided by 9.
8
Suppose -3*n = -7*n - v - 115, -n - 2*v = 20. Let x = n - -51. Suppose -2*q + 10 = 3*a, 3*a = -5*q + 17 + 17. Calculate the remainder when x is divided by q.
5
Suppose 6*y = -4*y + 210. Calculate the remainder when 354 is divided by y.
18
Let m(l) = -47*l - 268. What is the remainder when 125 is divided by m(-6)?
13
Let q(r) = 14*r - 198. What is the remainder when 102 is divided by q(16)?
24
Let d(t) = 5*t**2 + t + 122. Calculate the remainder when d(0) is divided by 33.
23
Suppose 67*q = 758 + 46. Calculate the remainder when q is divided by 9.
3
Suppose 0 = -2*r + 4*a - 14, 3*a = -5*r + 2*a + 9. What is the remainder when 46 is divided by (-38)/(-57)*18/(r/1)?
10
What is the remainder when ((-6)/2 - 346)/((-15)/30) is divided by 20?
18
Suppose -3*s = -156 - 60. Suppose 0 = -5*q + q + s. What is the remainder when 71 is divided by 